{"id":6426,"date":"2018-02-19T15:52:09","date_gmt":"2018-02-19T15:52:09","guid":{"rendered":"https:\/\/hemisferiosalud.com.ar\/?page_id=6426"},"modified":"2021-11-15T16:48:01","modified_gmt":"2021-11-15T19:48:01","slug":"la-empresa","status":"publish","type":"page","link":"https:\/\/olsensalud.com.ar\/","title":{"rendered":"La Empresa"},"content":{"rendered":"<div id=\"themify_builder_content-6426\" data-postid=\"6426\" class=\"themify_builder_content themify_builder_content-6426 themify_builder\">\n    \t<!-- module_row -->\n\t<div  class=\"themify_builder_row module_row clearfix repeat fullwidth module_row_1 themify_builder_6426_row module_row_6426-1 tb_98a5705 hide-on-stick\">\n\t    \t    <div class=\"row-slider tb_slider\" data-bgmode=\"fullcover\" data-sliderspeed=\"2000\">\n\t        <ul class=\"row-slider-slides clearfix\">\n\t\t    \t\t\t<li data-bg=\"https:\/\/olsensalud.com.ar\/wp-content\/uploads\/2021\/11\/slider-2-1.jpg\" class=\"normal\">\n\t\t\t    <a class=\"row-slider-dot\" data-index=\"0\"><\/a>\n\t\t\t<\/li>\n\t\t\t\t\t\t<li data-bg=\"https:\/\/olsensalud.com.ar\/wp-content\/uploads\/2021\/11\/olsen-slider1-3.jpg\" class=\"normal\">\n\t\t\t    <a class=\"row-slider-dot\" data-index=\"1\"><\/a>\n\t\t\t<\/li>\n\t\t\t\t        <\/ul>\n\t        <div class=\"row-slider-nav\">\n\t    \t<a class=\"row-slider-arrow row-slider-prev\">&lsaquo;<\/a>\n\t    \t<a class=\"row-slider-arrow row-slider-next\">&rsaquo;<\/a>\n\t        <\/div>\n\t    <\/div>\n\t    <!-- \/.row-bgs -->\n\t    \t    <div class=\"row_inner col_align_top\" >\n\t\t\t<div  class=\"module_column tb-column col-full first tb_6426_column module_column_0 module_column_6426-1-0 tb_1q9n706\" >\n\t    \t    \t        <div class=\"tb-column-inner\">\n\t\t        <!-- module divider -->\n    <div  class=\"module module-divider divider-6426-1-0-0 solid space-slide    tb_k0g196\" style=\"border-width: 0px;border-color: rgba(0,0,0, 0);\">\n\t            <\/div>\n    <!-- \/module divider -->\n\t        <\/div>\n\t    \t<\/div>\n\t\t    <\/div>\n\t    <!-- \/row_inner -->\n\t<\/div>\n\t<!-- \/module_row -->\n\t\t<!-- module_row -->\n\t<div  class=\"themify_builder_row module_row clearfix home-intro repeat fullwidth_row_container module_row_2 themify_builder_6426_row module_row_6426-2 tb_rqqq570\">\n\t    \t    <div class=\"row_inner col_align_top\" >\n\t\t\t<div  class=\"module_column tb-column col-full first tb_6426_column module_column_0 module_column_6426-2-0 tb_ovfr573\" >\n\t    \t    \t        <div class=\"tb-column-inner\">\n\t\t        <!-- module plain text -->\n    <div  class=\"module module-plain-text plain-text-6426-2-0-0   tb_kr6w574\">\n\t\t<div class=\"tb_text_wrap\" >\n\t    <strong>Olsen Salud<\/strong> se desarrolla en el \u00e1rea de la salud cubriendo el espectro completo de las prestaciones m\u00e9dico asistenciales en todos los niveles de complejidad.\n<br\/>\nServicio m\u00e9dico a domicilio, urgencias, emergencias y traslados, consulta ambulatoria, internaci\u00f3n domiciliaria de alta complejidad, internaci\u00f3n sanatorial, obstetricia y neonatolog\u00eda, pr\u00e1cticas de alta complejidad y manejo de pacientes cr\u00f3nicos, medicamentos, \u00f3ptica y odontolog\u00eda.\t<\/div>\n    <\/div>\n    <!-- \/module plain text -->\n\t        <\/div>\n\t    \t<\/div>\n\t\t    <\/div>\n\t    <!-- \/row_inner -->\n\t<\/div>\n\t<!-- \/module_row -->\n\t\t<!-- module_row -->\n\t<div  id=\"home-iconos\" class=\"themify_builder_row module_row clearfix repeat module_row_3 themify_builder_6426_row module_row_6426-3 tb_1igi570\">\n\t    \t    <div class=\"row_inner col_align_top\" >\n\t\t\t<div  class=\"module_column tb-column col3-1 first tb_6426_column module_column_0 module_column_6426-3-0 tb_x22y577\" >\n\t    \t    \t        <div class=\"tb-column-inner\">\n\t\t        <!-- module icon -->\n    <div  class=\"module module-icon icon-6426-3-0-0  large circle icon_horizontal icon_position_center  tb_eapn577\">\n\t        \t<div class=\"module-icon\">\n                            <div class=\"module-icon-item\">\n                                                                        <i class=\"fa fa-users ui light-green\"><\/i>\n                                                                                        <\/div>\n                    <\/div>\n    <\/div>\n    <!-- \/module icon -->\n    <!-- module plain text -->\n    <div  class=\"module module-plain-text plain-text-6426-3-0-1   tb_82ig578\">\n\t\t<div class=\"tb_text_wrap\" >\n\t    La empresa se encuentra dividida en Departamentos con servicios propios bajo una s\u00f3lida coordinaci\u00f3n.\t<\/div>\n    <\/div>\n    <!-- \/module plain text -->\n\t        <\/div>\n\t    \t<\/div>\n\t\t<div  class=\"module_column tb-column col3-1 middle tb_6426_column module_column_1 module_column_6426-3-1 tb_m2be578\" >\n\t    \t    \t        <div class=\"tb-column-inner\">\n\t\t        <!-- module icon -->\n    <div  class=\"module module-icon icon-6426-3-1-0  large circle icon_horizontal icon_position_center  tb_5pxw578\">\n\t        \t<div class=\"module-icon\">\n                            <div class=\"module-icon-item\">\n                                                                        <i class=\"fa fa-medkit ui light-green\"><\/i>\n                                                                                        <\/div>\n                    <\/div>\n    <\/div>\n    <!-- \/module icon -->\n    <!-- module plain text -->\n    <div  class=\"module module-plain-text plain-text-6426-3-1-1   tb_0f01579\">\n\t\t<div class=\"tb_text_wrap\" >\n\t    La instituci\u00f3n establece una pauta de calidad con un presupuesto fijo hasta acuerdos por servicios espec\u00edficos.\t<\/div>\n    <\/div>\n    <!-- \/module plain text -->\n\t        <\/div>\n\t    \t<\/div>\n\t\t<div  class=\"module_column tb-column col3-1 last tb_6426_column module_column_2 module_column_6426-3-2 tb_xpz0579\" >\n\t    \t    \t        <div class=\"tb-column-inner\">\n\t\t        <!-- module icon -->\n    <div  class=\"module module-icon icon-6426-3-2-0  large circle icon_horizontal icon_position_center  tb_slbj579\">\n\t        \t<div class=\"module-icon\">\n                            <div class=\"module-icon-item\">\n                                                                        <i class=\"fa fa-heartbeat ui light-green\"><\/i>\n                                                                                        <\/div>\n                    <\/div>\n    <\/div>\n    <!-- \/module icon -->\n    <!-- module plain text -->\n    <div  class=\"module module-plain-text plain-text-6426-3-2-1   tb_zqqi580\">\n\t\t<div class=\"tb_text_wrap\" >\n\t    Buena prestaci\u00f3n, auditor\u00eda y control del gasto sin afectar en nada al beneficiario.\t<\/div>\n    <\/div>\n    <!-- \/module plain text -->\n\t        <\/div>\n\t    \t<\/div>\n\t\t    <\/div>\n\t    <!-- \/row_inner -->\n\t<\/div>\n\t<!-- \/module_row -->\n\t\t<!-- module_row -->\n\t<div  data-desktop-padding=\"50px,50px\" id=\"home-contactanos\" class=\"themify_builder_row module_row clearfix builder-parallax-scrolling fullwidth_row_container module_row_4 themify_builder_6426_row module_row_6426-4 tb_emdj570\">\n\t    <div class=\"builder_row_cover\"><\/div>\t    <div class=\"row_inner col_align_top\" >\n\t\t\t<div  class=\"module_column tb-column col-full first tb_6426_column module_column_0 module_column_6426-4-0 tb_e636580\" >\n\t    \t    \t        <div class=\"tb-column-inner\">\n\t\t        <!-- module plain text -->\n    <div  class=\"module module-plain-text plain-text-6426-4-0-0   tb_hujl581\">\n\t\t<div class=\"tb_text_wrap\" >\n\t    \u00bfNecesitas informaci\u00f3n personalizada sobre nuestros servicios?\n\t<\/div>\n    <\/div>\n    <!-- \/module plain text -->\n    <!-- module buttons -->\n    <div  class=\"module module-buttons buttons-6426-4-0-1 normal solid circle   tb-align-center tb_clew868\">\n\t        \t<div class=\"module-buttons\">\n                            <div class=\"module-buttons-item  buttons-horizontal\">\n\t\t    \t\t\t<a href=\"\/?page_id=6691\" class=\"ui builder_button blue\" >\n\t\t    \t\t    \t\t\t<span>CONTACTANOS<\/span>\n\t\t    \t\t    \t\t\t<\/a>\n\t\t                    <\/div>\n                    <\/div>\n    <\/div>\n    <!-- \/module buttons -->\n\t        <\/div>\n\t    \t<\/div>\n\t\t    <\/div>\n\t    <!-- \/row_inner -->\n\t<\/div>\n\t<!-- \/module_row -->\n\t<\/div>\n\n","protected":false},"excerpt":{"rendered":"<p>Olsen Salud se desarrolla en el \u00e1rea de la salud cubriendo el espectro completo de las prestaciones m\u00e9dico asistenciales en todos los niveles de complejidad. Servicio m\u00e9dico a domicilio, urgencias, emergencias y traslados, consulta ambulatoria, internaci\u00f3n domiciliaria de alta complejidad, internaci\u00f3n sanatorial, obstetricia y neonatolog\u00eda, pr\u00e1cticas de alta complejidad y manejo de pacientes cr\u00f3nicos, medicamentos, [&hellip;]<\/p>\n","protected":false},"author":1,"featured_media":0,"parent":0,"menu_order":0,"comment_status":"closed","ping_status":"closed","template":"","meta":{"footnotes":""},"class_list":["post-6426","page","type-page","status-publish","hentry","has-post-title","has-post-date","has-post-category","has-post-tag","has-post-comment","has-post-author",""],"yoast_head":"<!-- This site is optimized with the Yoast SEO plugin v26.3 - https:\/\/yoast.com\/wordpress\/plugins\/seo\/ -->\n<title>La Empresa - Olsen Salud<\/title>\n<meta name=\"robots\" content=\"noindex, follow\" \/>\n<meta property=\"og:locale\" content=\"es_ES\" \/>\n<meta property=\"og:type\" content=\"article\" \/>\n<meta property=\"og:title\" content=\"La Empresa - Olsen Salud\" \/>\n<meta property=\"og:description\" content=\"Olsen Salud se desarrolla en el \u00e1rea de la salud cubriendo el espectro completo de las prestaciones m\u00e9dico asistenciales en todos los niveles de complejidad. Servicio m\u00e9dico a domicilio, urgencias, emergencias y traslados, consulta ambulatoria, internaci\u00f3n domiciliaria de alta complejidad, internaci\u00f3n sanatorial, obstetricia y neonatolog\u00eda, pr\u00e1cticas de alta complejidad y manejo de pacientes cr\u00f3nicos, medicamentos, [&hellip;]\" \/>\n<meta property=\"og:url\" content=\"https:\/\/olsensalud.com.ar\/\" \/>\n<meta property=\"og:site_name\" content=\"Olsen Salud\" \/>\n<meta property=\"article:modified_time\" content=\"2021-11-15T19:48:01+00:00\" \/>\n<meta name=\"twitter:card\" content=\"summary_large_image\" \/>\n<meta name=\"twitter:label1\" content=\"Tiempo de lectura\" \/>\n\t<meta name=\"twitter:data1\" content=\"1 minuto\" \/>\n<script type=\"application\/ld+json\" class=\"yoast-schema-graph\">{\"@context\":\"https:\/\/schema.org\",\"@graph\":[{\"@type\":\"WebPage\",\"@id\":\"https:\/\/olsensalud.com.ar\/\",\"url\":\"https:\/\/olsensalud.com.ar\/\",\"name\":\"La Empresa - Olsen Salud\",\"isPartOf\":{\"@id\":\"https:\/\/olsensalud.com.ar\/#website\"},\"datePublished\":\"2018-02-19T15:52:09+00:00\",\"dateModified\":\"2021-11-15T19:48:01+00:00\",\"breadcrumb\":{\"@id\":\"https:\/\/olsensalud.com.ar\/#breadcrumb\"},\"inLanguage\":\"es\",\"potentialAction\":[{\"@type\":\"ReadAction\",\"target\":[\"https:\/\/olsensalud.com.ar\/\"]}]},{\"@type\":\"BreadcrumbList\",\"@id\":\"https:\/\/olsensalud.com.ar\/#breadcrumb\",\"itemListElement\":[{\"@type\":\"ListItem\",\"position\":1,\"name\":\"Home\",\"item\":\"https:\/\/olsensalud.com.ar\/\"},{\"@type\":\"ListItem\",\"position\":2,\"name\":\"La Empresa\"}]},{\"@type\":\"WebSite\",\"@id\":\"https:\/\/olsensalud.com.ar\/#website\",\"url\":\"https:\/\/olsensalud.com.ar\/\",\"name\":\"Olsen Salud\",\"description\":\"\",\"potentialAction\":[{\"@type\":\"SearchAction\",\"target\":{\"@type\":\"EntryPoint\",\"urlTemplate\":\"https:\/\/olsensalud.com.ar\/?s={search_term_string}\"},\"query-input\":{\"@type\":\"PropertyValueSpecification\",\"valueRequired\":true,\"valueName\":\"search_term_string\"}}],\"inLanguage\":\"es\"}]}<\/script>\n<!-- \/ Yoast SEO plugin. -->","yoast_head_json":{"title":"La Empresa - Olsen Salud","robots":{"index":"noindex","follow":"follow"},"og_locale":"es_ES","og_type":"article","og_title":"La Empresa - Olsen Salud","og_description":"Olsen Salud se desarrolla en el \u00e1rea de la salud cubriendo el espectro completo de las prestaciones m\u00e9dico asistenciales en todos los niveles de complejidad. Servicio m\u00e9dico a domicilio, urgencias, emergencias y traslados, consulta ambulatoria, internaci\u00f3n domiciliaria de alta complejidad, internaci\u00f3n sanatorial, obstetricia y neonatolog\u00eda, pr\u00e1cticas de alta complejidad y manejo de pacientes cr\u00f3nicos, medicamentos, [&hellip;]","og_url":"https:\/\/olsensalud.com.ar\/","og_site_name":"Olsen Salud","article_modified_time":"2021-11-15T19:48:01+00:00","twitter_card":"summary_large_image","twitter_misc":{"Tiempo de lectura":"1 minuto"},"schema":{"@context":"https:\/\/schema.org","@graph":[{"@type":"WebPage","@id":"https:\/\/olsensalud.com.ar\/","url":"https:\/\/olsensalud.com.ar\/","name":"La Empresa - Olsen Salud","isPartOf":{"@id":"https:\/\/olsensalud.com.ar\/#website"},"datePublished":"2018-02-19T15:52:09+00:00","dateModified":"2021-11-15T19:48:01+00:00","breadcrumb":{"@id":"https:\/\/olsensalud.com.ar\/#breadcrumb"},"inLanguage":"es","potentialAction":[{"@type":"ReadAction","target":["https:\/\/olsensalud.com.ar\/"]}]},{"@type":"BreadcrumbList","@id":"https:\/\/olsensalud.com.ar\/#breadcrumb","itemListElement":[{"@type":"ListItem","position":1,"name":"Home","item":"https:\/\/olsensalud.com.ar\/"},{"@type":"ListItem","position":2,"name":"La Empresa"}]},{"@type":"WebSite","@id":"https:\/\/olsensalud.com.ar\/#website","url":"https:\/\/olsensalud.com.ar\/","name":"Olsen Salud","description":"","potentialAction":[{"@type":"SearchAction","target":{"@type":"EntryPoint","urlTemplate":"https:\/\/olsensalud.com.ar\/?s={search_term_string}"},"query-input":{"@type":"PropertyValueSpecification","valueRequired":true,"valueName":"search_term_string"}}],"inLanguage":"es"}]}},"_links":{"self":[{"href":"https:\/\/olsensalud.com.ar\/index.php?rest_route=\/wp\/v2\/pages\/6426","targetHints":{"allow":["GET"]}}],"collection":[{"href":"https:\/\/olsensalud.com.ar\/index.php?rest_route=\/wp\/v2\/pages"}],"about":[{"href":"https:\/\/olsensalud.com.ar\/index.php?rest_route=\/wp\/v2\/types\/page"}],"author":[{"embeddable":true,"href":"https:\/\/olsensalud.com.ar\/index.php?rest_route=\/wp\/v2\/users\/1"}],"replies":[{"embeddable":true,"href":"https:\/\/olsensalud.com.ar\/index.php?rest_route=%2Fwp%2Fv2%2Fcomments&post=6426"}],"version-history":[{"count":165,"href":"https:\/\/olsensalud.com.ar\/index.php?rest_route=\/wp\/v2\/pages\/6426\/revisions"}],"predecessor-version":[{"id":6956,"href":"https:\/\/olsensalud.com.ar\/index.php?rest_route=\/wp\/v2\/pages\/6426\/revisions\/6956"}],"wp:attachment":[{"href":"https:\/\/olsensalud.com.ar\/index.php?rest_route=%2Fwp%2Fv2%2Fmedia&parent=6426"}],"curies":[{"name":"wp","href":"https:\/\/api.w.org\/{rel}","templated":true}]}}